of 3718554?
4
What is the thousands digit of 21922?
1
What is the units digit of 90260?
0
What is the ten thousands digit of 289292?
8
What is the hundred thousands digit of 2897689?
8
What is the millions digit of 11741316?
1
What is the tens digit of 178930?
3
What is the hundreds digit of 3269787?
7
What is the thousands digit of 24801738?
1
What is the hundred thousands digit of 697760?
6
What is the ten thousands digit of 4110576?
1
What is the ten thousands digit of 1431412?
3
What is the hundred thousands digit of 654489?
6
What is the tens digit of 8344623?
2
What is the ten thousands digit of 628810?
2
What is the ten thousands digit of 1313933?
1
What is the millions digit of 1360690?
1
What is the hundred thousands digit of 4189896?
1
What is the millions digit of 2476130?
2
What is the millions digit of 5740409?
5
What is the hundreds digit of 227001?
0
What is the hundred thousands digit of 569343?
5
What is the units digit of 193494?
4
What is the hundreds digit of 482626?
6
What is the units digit of 600561?
1
What is the thousands digit of 6485602?
5
What is the tens digit of 13324624?
2
What is the tens digit of 984331?
3
What is the thousands digit of 1546128?
6
What is the units digit of 6277610?
0
What is the tens digit of 1879357?
5
What is the ten thousands digit of 181960?
8
What is the units digit of 170021?
1
What is the units digit of 67054?
4
What is the hundreds digit of 784179?
1
What is the tens digit of 306280?
8
What is the millions digit of 1962029?
1
What is the thousands digit of 2180635?
0
What is the hundred thousands digit of 1553874?
5
What is the hundreds digit of 798049?
0
What is the ten thousands digit of 156872?
5
What is the tens digit of 71?
7
What is the ten thousands digit of 27255427?
5
What is the tens digit of 377138?
3
What is the tens digit of 141378?
7
What is the tens digit of 7609787?
8
What is the ten thousands digit of 7401419?
0
What is the tens digit of 3127308?
0
What is the tens digit of 301403?
0
What is the tens digit of 220840?
4
What is the ten millions digit of 10357676?
1
What is the hundreds digit of 4389?
3
What is the ten millions digit of 17970063?
1
What is the hundred thousands digit of 4568831?
5
What is the tens digit of 80474?
7
What is the hundreds digit of 2424363?
3
What is the millions digit of 1269208?
1
What is the hundreds digit of 454262?
2
What is the millions digit of 31197485?
1
What is the units digit of 365671?
1
What is the millions digit of 1648903?
1
What is the units digit of 2938969?
9
What is the hundreds digit of 14111760?
7
What is the tens digit of 216981?
8
What is the tens digit of 1298303?
0
What is the ten thousands digit of 28580981?
8
What is the tens digit of 141884?
8
What is the hundreds digit of 176144?
1
What is the hundred thousands digit of 1328112?
3
What is the thousands digit of 5299580?
9
What is the hundreds digit of 127879?
8
What is the thousands digit of 1317065?
7
What is the thousands digit of 15898300?
8
What is the units digit of 163350?
0
What is the units digit of 33424?
4
What is the units digit of 52280?
0
What is the hundred thousands digit of 449172?
4
What is the units digit of 28679785?
5
What is the tens digit of 935670?
7
What is the units digit of 313851?
1
What is the hundred thousands digit of 8051688?
0
What is the hundreds digit of 106538?
5
What is the tens digit of 777924?
2
What is the units digit of 25575917?
7
What is the tens digit of 245383?
8
What is the ten thousands digit of 179322?
7
What is the hundred thousands digit of 1101848?
1
What is the units digit of 329650?
0
What is the thousands digit of 198774?
8
What is the hundred thousands digit of 278068?
2
What is the ten thousands digit of 1285460?
8
What is the hundred thousands digit of 363905?
3
What is the tens digit of 532803?
0
What is the tens digit of 398787?
8
What is the hundreds digit of 189770?
7
What is the ten thousands digit of 231211?
3
What is the hundreds digit of 640372?
3
What is the tens digit of 118485?
8
What is the tens digit of 3228332?
3
What is the thousands digit of 16017424?
7
What is the units digit of 2856866?
6
What is the ten thousands digit of 623560?
2
What is the thousands digit of 47017?
7
What is the thousands digit of 245207?
5
What is the millions digit of 8431002?
8
What is the ten thousands digit of 626164?
2
What is the hundred thousands digit of 6593992?
5
What is the tens digit of 1535546?
4
What is the thousands digit of 553111?
3
What is the units digit of 269305?
5
What is the hundreds digit of 13115?
1
What is the millions digit of 1240568?
1
What is the millions digit of 2490499?
2
What is the ten thousands digit of 1724210?
2
What is the millions digit of 10402461?
0
What is the tens digit of 11438108?
0
What is the millions digit of 1520237?
1
What is the millions digit of 15806545?
5
What is the thousands digit of 724481?
4
What is the thousands digit of 35749?
5
What is the tens digit of 72283?
8
What is the thousands digit of 142029?
2
What is the ten thousands digit of 18523?
1
What is the thousands digit of 1788843?
8
What is the units digit of 289222?
2
What is the hundred thousands digit of 372556?
3
What is the tens digit of 11650398?
9
What is the units digit of 7102337?
7
What is the ten thousands digit of 17618325?
1
What is the hundreds digit of 5082424?
4
What is the thousands digit of 5319168?
9
What is the millions digit of 2076181?
2
What is the hundred thousands digit of 899024?
8
What is the tens digit of 160178?
7
What is the units digit of 130465?
5
What is the ten thousands digit of 839677?
3
What is the units digit of 234040?
0
What is the hundreds digit of 263668?
6
What is the thousands digit of 24353?
4
What is the ten thousands digit of 946832?
4
What is the thousands digit of 221275?
1
What is the ten thousands digit of 1486806?
8
What is the ten thousands digit of 485381?
8
What is the hundreds digit of 406415?
4
What is the thousands digit of 687138?
7
What is the units digit of 1898378?
8
What is the units digit of 11631029?
9
What is the hundred thousands digit of 323553?
3
What is the hundred thousands digit of 235331?
2
What is the hundreds digit of 2999002?
0
What is the units digit of 10722746?
6
What is the tens digit of 128811?
1
What is the thousands digit of 8635174?
5
What is the ten thousands digit of 470435?
7
What is the ten thousands digit of 1700260?
0
What is the thousands digit of 430054?
0
What is the tens digit of 2150611?
1
What is the tens digit of 205761?
6
What is the hundreds digit of 881281?
2
What is the ten millions digit of 15064014?
1
What is the tens digit of 5746415?
1
What is the hundred thousands digit of 6633809?
6
What is the units digit of 1469352?
2
What is the ten thousands digit of 173953?
7
What is the ten thousands digit of 81081?
8
What is the thousands digit of 814187?
4
What is the ten thousands digit of 174209?
7
What is the units digit of 2850057?
7
What is the hundreds digit of 1530934?
9
What is the units digit of 655805?
5
What is the ten thousands digit of 1064156?
6
What is the tens digit of 714571?
7
What is the tens digit of 16487820?
2
What is the hundreds digit of 11359120?
1
What is the thousands digit of 3899452?
9
What is the units digit of 2952641?
1
What is the tens digit of 6202948?
4
What is the hundreds digit of 4504840?
8
What is the millions digit of 14518516?
4
What is the millions digit of 11804982?
1
What is the units digit of 500292?
2
What is the ten thousands digit of 157126?
5
What is the hundreds digit of 2040567?
5
What is the units digit of 13124802?
2
What is the hundred thousands digit of 1729476?
7
What is the ten millions digit of 16930493?
1
What is the thousands digit of 1528731?
8
What is the hundreds digit of 288182?
1
What is the ten thousands digit of 1927849?
2
What is the units digit of 854031?
1
What is the hundred thousands digit of 1207013?
2
What is the units digit of 977097?
7
What is the millions digit of 1721482?
1
What is the tens digit of 1288548?
4
What is the hundreds digit of 6104595?
5
What is the hundreds digit of 506667?
6
What is the tens digit of 5035525?
2
What is the tens digit of 179922?
2
What is the hundreds digit of 113166?
1
What is the tens digit of